der when 371845 is divided by 185911?
23
What is the remainder when 26650 is divided by 8877?
19
Calculate the remainder when 10879628 is divided by 7651.
7557
Calculate the remainder when 1746499 is divided by 102732.
55
What is the remainder when 976631 is divided by 56?
47
Calculate the remainder when 17102619 is divided by 2137824.
27
What is the remainder when 2216439 is divided by 540?
279
What is the remainder when 248918 is divided by 301?
292
Calculate the remainder when 2636 is divided by 2024.
612
Calculate the remainder when 366216 is divided by 1230.
906
Calculate the remainder when 492696 is divided by 108.
0
Calculate the remainder when 902976 is divided by 504.
312
What is the remainder when 1204215 is divided by 112?
103
Calculate the remainder when 38278773 is divided by 144.
117
What is the remainder when 7872598 is divided by 30?
28
Calculate the remainder when 48128 is divided by 443.
284
What is the remainder when 1189240 is divided by 850?
90
Calculate the remainder when 1192143 is divided by 160.
143
What is the remainder when 20200 is divided by 9443?
1314
Calculate the remainder when 154453 is divided by 12865.
73
What is the remainder when 1653402 is divided by 551033?
303
What is the remainder when 507868 is divided by 126966?
4
Calculate the remainder when 38416903 is divided by 2006.
2003
What is the remainder when 1927655 is divided by 957?
257
Calculate the remainder when 1964472 is divided by 337.
99
What is the remainder when 10706749 is divided by 4639?
4576
Calculate the remainder when 76329381 is divided by 2253.
2247
Calculate the remainder when 326497 is divided by 108770.
187
What is the remainder when 1540351 is divided by 485?
476
Calculate the remainder when 3284122 is divided by 149278.
6
What is the remainder when 4838850 is divided by 806471?
24
What is the remainder when 34144858 is divided by 682897?
8
What is the remainder when 20695713 is divided by 1293482?
1
Calculate the remainder when 206209 is divided by 20606.
149
Calculate the remainder when 24912363 is divided by 323.
19
What is the remainder when 292317 is divided by 588?
81
What is the remainder when 6035867 is divided by 38941?
12
Calculate the remainder when 1194711 is divided by 36189.
474
What is the remainder when 1392773 is divided by 23?
8
Calculate the remainder when 14159775 is divided by 107271.
3
Calculate the remainder when 119936543 is divided by 86.
83
Calculate the remainder when 105244 is divided by 26.
22
Calculate the remainder when 9387836 is divided by 19.
12
Calculate the remainder when 1118400 is divided by 1118318.
82
Calculate the remainder when 134316944 is divided by 1149.
1142
What is the remainder when 3527022 is divided by 809?
591
Calculate the remainder when 25972427 is divided by 19.
16
What is the remainder when 278967 is divided by 5693?
10
Calculate the remainder when 157632 is divided by 654.
18
What is the remainder when 423468 is divided by 17415?
5508
What is the remainder when 21148294 is divided by 21148292?
2
Calculate the remainder when 3561858 is divided by 3569.
3565
Calculate the remainder when 77992 is divided by 451.
420
What is the remainder when 40786 is divided by 777?
382
Calculate the remainder when 594051 is divided by 593973.
78
What is the remainder when 1194658 is divided by 169?
166
Calculate the remainder when 2945168 is divided by 490856.
32
Calculate the remainder when 2353659 is divided by 336237.
0
What is the remainder when 6572145 is divided by 6572135?
10
Calculate the remainder when 28085220 is divided by 653144.
28
What is the remainder when 1685346 is divided by 53?
52
Calculate the remainder when 116443 is divided by 22778.
2553
What is the remainder when 301443 is divided by 2843?
85
Calculate the remainder when 207449 is divided by 173.
22
Calculate the remainder when 89449 is divided by 398.
297
Calculate the remainder when 95454 is divided by 11928.
30
Calculate the remainder when 56944 is divided by 56717.
227
Calculate the remainder when 2484802 is divided by 2042.
1730
What is the remainder when 28844157 is divided by 2490?
2487
Calculate the remainder when 90006 is divided by 3346.
3010
What is the remainder when 41229 is divided by 2545?
509
What is the remainder when 30288 is divided by 15143?
2
Calculate the remainder when 4309352 is divided by 81.
71
What is the remainder when 3376915 is divided by 38?
7
Calculate the remainder when 9316690 is divided by 203.
5
What is the remainder when 567218 is divided by 3452?
1090
Calculate the remainder when 2283936 is divided by 1129.
1098
Calculate the remainder when 3002582 is divided by 2602.
2476
Calculate the remainder when 30335391 is divided by 71043.
30
Calculate the remainder when 1950401 is divided by 69657.
5
Calculate the remainder when 1711226 is divided by 3471.
23
Calculate the remainder when 2373920 is divided by 215795.
175
Calculate the remainder when 240081901 is divided by 40013649.
7
What is the remainder when 3528836 is divided by 420?
416
Calculate the remainder when 329483 is divided by 1907.
1479
What is the remainder when 157490 is divided by 30449?
5245
Calculate the remainder when 157135 is divided by 64.
15
What is the remainder when 28639 is divided by 569?
189
Calculate the remainder when 55862068 is divided by 6.
4
Calculate the remainder when 608286 is divided by 11927.
9
Calculate the remainder when 172519 is divided by 1360.
1159
Calculate the remainder when 251257 is divided by 7172.
237
Calculate the remainder when 4460481 is divided by 190.
41
What is the remainder when 28395 is divided by 1239?
1137
Calculate the remainder when 111594 is divided by 1856.
234
Calculate the remainder when 4476691 is divided by 201.
19
What is the remainder when 176160 is divided by 3390?
3270
What is the remainder when 3621790 is divided by 3621775?
15
Calculate the remainder when 2458746 is divided by 1229370.
6
Calculate the remainder when 8182015 is divided by 6468.
6463
What is the remainder when 19785315 is divided by 14516?
7
Calculate the remainder when 1270420 is divided by 1270403.
17
Calculate the remainder when 5449662 is divided by 397.
43
Calculate the remainder when 4534797 is divided by 1206.
237
What is the remainder when 413327 is divided by 1536?
143
Calculate the remainder when 744758 is divided by 744752.
6
Calculate the remainder when 86499 is divided by 1595.
369
Calculate the remainder when 18554 is divided by 18524.
30
What is the remainder when 3437904 is divided by 132227?
2
What is the remainder when 5113248 is divided by 342?
6
What is the remainder when 20910497 is divided by 20910404?
93
What is the remainder when 560322818 is divided by 25?
18
Calculate the remainder when 1586655 is divided by 3005.
15
Calculate the remainder when 11972 is divided by 228.
116
Calculate the remainder when 520802 is divided by 1802.
24
What is the remainder when 4618180 is divided by 4462?
10
What is the remainder when 10782891 is divided by 10782635?
256
What is the remainder when 1920275 is divided by 1920247?
28
What is the remainder when 498213 is divided by 5664?
5445
What is the remainder when 28343803 is divided by 66?
37
Calculate the remainder when 2868657 is divided by 62361.
51
What is the remainder when 761317 is divided by 1108?
121
Calculate the remainder when 192143 is divided by 781.
17
Calculate the remainder when 893600 is divided by 1298.
576
Calculate the remainder when 369469 is divided by 488.
53
Calculate the remainder when 119479 is divided by 29866.
15
Calculate the remainder when 21256164 is divided by 231045.
24
Calculate the remainder when 509809767 is divided by 255.
252
Calculate the remainder when 82799 is divided by 6009.
4682
What is the remainder when 601215 is divided by 4620?
615
Calculate the remainder when 8002655 is divided by 2297.
2204
What is the remainder when 151042 is divided by 2797?
4
What is the remainder when 8225221 is divided by 514076?
5
What is the remainder when 1648524473 is divided by 13?
11
What is the remainder when 811018 is divided by 161667?
2683
What is the remainder when 20094724 is divided by 367?
6
What is the remainder when 248495 is divided by 1679?
3
Calculate the remainder when 140293 is divided by 140284.
9
W